n = 2*r - 4*r + 9, r + 12 = -4*n. Let g(t) = t**2 + 4. Let q be g(n). Let m = 20 - q. Let y(d) = -d**3 + 6*d**2 + 8*d - 3. Calculate y(m).
4
Suppose 20*p - 28 = 13*p. Suppose -g = 5*o + 10, 2*g - 3*o - 15 = p. Let s(r) = -g*r**2 + 11 - 12 - r + 8*r**2. Calculate s(-2).
13
Let g = 116 - 112. Let t(n) = -n**2 - 5*n - 2. Let r be t(-4). Let l(z) = -2*z**r + 2 - 4*z**3 - 4*z - g*z**3 + 4*z**3 + 5*z**3. Determine l(3).
-1
Let t(c) = c**2 - 10*c - 14*c - 1 - 1 + 23*c - 17. Suppose -p + 2 = -4*n, -n - 2 = -2*n - p. Let v = 0 + n. Give t(v).
-19
Let b be 3/(4 + -1)*-3. Let g(q) = q - 19. Let x(p) = 3*p - 46. Let s(d) = 5*g(d) - 2*x(d). Give s(b).
0
Let h be 18/(-45)*(-25)/10. Let w(t) = 3 - h - 1 - 3*t**2. Suppose 0 = -5*d + 4*a + 15, 3*d - 4*a + 0*a = 17. Determine w(d).
-2
Let o(f) = -f - 13. Let z(p) = -p**2 + 41*p - 77. Let j(l) = -2*l**2 + 83*l - 153. Let x(w) = -3*j(w) + 7*z(w). Let g be x(36). What is o(g)?
-5
Let l(h) = -21035*h**2 - 3*h**3 - 6*h + 21039*h**2 + 4*h - 2. Suppose g - 4*i = -2, i - 5*i = -2*g. Calculate l(g).
-14
Suppose 0 = 2*y - 3*u + u + 10, -5*u = 3*y - 9. Let s(t) = -2*t + 978*t**2 + 1 - 490*t**2 - 490*t**2. Calculate s(y).
-3
Let c(m) = -m + 16. Let l be c(-3). Suppose -l*v = 18*v + 222. Let n(g) = g + 5. What is n(v)?
-1
Let m(r) = r - 11. Suppose -4*n = y - 27, -4*n - 2*y + 12 = -6*y. Let q(k) = -4*k + 31. Let t be q(n). Calculate m(t).
-4
Let c be (8 + -7)*-7*1 + 5 + -2. Let u(y) = -5*y**3 - 21*y**2 + 2*y + 7. Determine u(c).
-17
Let f(w) be the first derivative of w**5/30 + w**4/8 - w**3/3 - 163*w**2/2 + 149. Let b(q) be the second derivative of f(q). Give b(1).
3
Let q(a) = -25*a**3 + 4*a**2 + 3*a - 4. Let y(k) = -k**3 + 61*k**2 + 196*k - 255. Let l be y(64). Calculate q(l).
-22
Let j(q) be the first derivative of -q**3/6 - 3*q**2/2 - 19*q - 6. Let k(f) be the first derivative of j(f). Let i = -3 + 3. What is k(i)?
-3
Suppose 48 = 3*l - 3*u, -49 + 12 = -2*l + u. Suppose 14*q - 7 = l. Let c(b) = 3*b**2 - 3*b + 1. What is c(q)?
7
Let m(n) = n - 9. Let y(g) = g**2 - 7*g + 20. Let h be y(11). Let z = h - 56. Suppose -3*k - 3*b + z*b - 5 = 0, -4*k = 5*b - 5. Calculate m(k).
-9
Let h be (3 - 86/30) + 3712/960. Let c(g) = -g**3 + 8*g + 5. Give c(h).
-27
Let u(h) be the second derivative of -h**3/3 + 7*h**2/2 - 7*h. Let p(w) = 11245*w - w**2 - 11243*w + 2*w**2. Let f be p(-4). Calculate u(f).
-9
Let m(n) = -4 + 27*n**2 + 0*n - 26*n**2 - 4*n - 24 + 3*n. Calculate m(6).
2
Suppose 0 = -5*k + 11*k + 12. Let v(b) = b**3 + b**2 - 4*b - 4. Let a be v(k). Let o(x) = x**3 + x**2 + x + 10. What is o(a)?
10
Let n(p) = -42*p**3 + 3*p**2 - 2. Let q be n(-2). Let h(u) = 0*u - 352 + u + q. What is h(0)?
-6
Let k(s) = 110*s - 547. Let p be k(5). Suppose -4*y = -y - 3. Let b(j) = 75*j**3 + 3 - 4 - j + p*j**2 - 73*j**3 - y. Determine b(-2).
-4
Let k(b) = b + 797*b**3 - 272*b**3 + 10*b**2 + 21 - 260*b**3 + 8*b - 267*b**3. Determine k(6).
3
Let n(j) = 6*j - 48. Let i = -6944 + 6952. Calculate n(i).
0
Suppose 49 = 5*t - 1. Suppose 90 = -0*h - t*h. Let s(c) = c - 13. Give s(h).
-22
Let x(a) = -5*a**2 - 5*a - 4. Let p(k) be the third derivative of -k**5/10 - k**4/4 - 2*k**3/3 - 4*k**2 + 3*k. Let j(s) = -4*p(s) + 5*x(s). Calculate j(0).
-4
Let i be 1518/11 - (-6)/(-2). Let m(h) = 2 - 141*h - 2 + 1 + i*h. Determine m(2).
-11
Let l(w) be the third derivative of -19*w**5/30 - w**4/24 - w**3/6 - 1831*w**2. Give l(-1).
-38
Let u(m) be the first derivative of -7/24*m**4 + 0*m + 27 + 1/60*m**5 - 2/3*m**3 + 21/2*m**2. Let q(z) be the second derivative of u(z). Determine q(6).
-10
Let b(w) = -249*w - 59. Let c(o) = 111*o + 30. Let z(y) = -4*b(y) - 9*c(y). Give z(-20).
26
Let s be 32/2432*19 + (-34)/8. Let m(r) = r**3 + 2*r**2 - 2*r - 6. What is m(s)?
-30
Let u(y) be the second derivative of y**4/12 + 3*y**3/2 + 4*y**2 - 14*y. Let b(t) = t**2 - 9*t - 43. Let s be b(-3). Calculate u(s).
-6
Let n(i) = 247*i + 12 - 253*i - 1. What is n(3)?
-7
Let o(s) = -2*s**2 - 3*s + 13. Suppose 9 = -12*a - 1 - 38. Determine o(a).
-7
Let i be (-11)/(-9) + -1 + 4991/(-63). Let m = i + 121. Suppose -m = 10*y - 17*y. Let o(s) = 3*s + 3. Determine o(y).
21
Let d(r) = 30*r - 3. Let b = -9250 - -9250. Calculate d(b).
-3
Let g be 10/(70/91) + -1 + -6. Let s(l) = -l**2 - 174*l + 1074. What is s(g)?
-6
Let h(c) = -10*c + 2070 - 1060 - 887 - c**2. Determine h(-17).
4
Let c(k) = k**3 - 6*k**2 + 4*k. Let r(v) = 8*v**2 + 104*v - 14. Let s(o) = 9*o**2 + 104*o - 10. Let z(w) = -4*r(w) + 3*s(w). Let h be z(-21). Calculate c(h).
-5
Let s(m) = -m**3 - 4*m**2 - m + 5. Let u(c) = -c**3 - 17*c**2 - 20*c + 146. Let j be u(-15). Give s(j).
9
Let c(b) = 7*b - 5*b - 24*b + 18 + 9*b. Let j(w) = 7*w - 10. Let l(d) = 6*c(d) + 11*j(d). Suppose 2*z - 2*f = -8, -3*f + f = 3*z + 22. What is l(z)?
4
Let n(h) = -5*h - 8. Let v(s) = -3*s + 2. Suppose 136*y - 10 = 131*y. Let z(f) = y*n(f) - 6*v(f). Give z(4).
4
Suppose -2*c - 18 = -5*p, -4*p - 5*c = -p + 14. Let h(b) = p*b - 3*b + 5 + 3*b - 3*b - b**2. Let n be h(0). Let y(l) = l**3 - 4*l**2 - 5*l. Calculate y(n).
0
Suppose -2*b + 5*b + 3*q + 12 = 0, -4*q = -4*b - 8. Let g be (-10)/(-4)*(b + (-33)/(-15)). Let u(s) = s**3 - 2*s**2 - 1. Calculate u(g).
-17
Suppose 3*o - 5*k - 86 = 0, 3*o - 518*k = -519*k + 62. Let w(z) = 4*z - 88. Determine w(o).
0
Let z(m) = -m**2 + 3*m + 1. Let i(b) = -b**3 - 16*b**2 + 55*b - 25. Let p be i(-19). Let h be (-2)/14 - p/(-91). Give z(h).
1
Let l(v) be the first derivative of v**4/4 + 3*v**3 + 3*v**2 + 28*v - 315. What is l(-9)?
-26
Let b(c) = 25*c**2 - 51*c + 162. Let r(k) = -18*k**2 + 34*k - 107. Let u(i) = -5*b(i) - 7*r(i). Calculate u(-16).
-77
Let z(h) = -h**2 - 5*h + 4. Suppose 2*p + 476 = -3*n, -n - p = 2*p + 168. Let w be ((-4)/(-8))/((-3)/n). Let l = 20 - w. Calculate z(l).
-2
Let z(a) = 8*a - 76. Let q be z(7). Let w(h) = 4*h + 83. Determine w(q).
3
Let f(o) = -7*o**3 + 5*o**2 - 8*o + 7. Suppose q + j = 5, -j - 4*j = 2*q - 10. Let t(b) = 3*b**3 - 2*b**2 + 3*b - 3. Let i(c) = q*t(c) + 2*f(c). Give i(-1).
-1
Let a(n) = -n + 4 + 1240*n**3 - 4*n**2 + 1242*n**3 + 4 - 2481*n**3. Give a(2).
-2
Let r(j) = 4*j + 1. Let u be (-3 - (-65)/15)/((-1)/(-9)). Let m be (-9)/u + 35/(-28) + 0. Calculate r(m).
-7
Let b(f) = 5 - 11*f**2 - 7*f + 10*f**2 + 20 - 25. What is b(-3)?
12
Let o(r) be the first derivative of r**6/120 + 7*r**5/60 - r**4/12 - r**3/6 - 8*r**2 + 2*r - 148. Let s(v) be the second derivative of o(v). Give s(-7).
13
Let f(t) = -29*t + 19. Let y be f(1). Let h = y - -14. Let i(q) = -7*q + 1. Determine i(h).
-27
Let n(i) = 7*i + 1. Let v(o) be the third derivative of -5*o**4/6 - o**3/2 - 5*o**2 + 3. Let r(s) = -17*n(s) - 6*v(s). What is r(4)?
5
Let p be 3/8 - 7/336*-222. Let c(b) = -8*b**2 + 37*b - 1. Determine c(p).
-16
Let r(y) = -12*y + 297. Let l be 25*5/(-25)*-5. Let t be r(l). Let b(w) = -w**2 + 2*w + 4. Determine b(t).
-11
Let b = 49 + -45. Suppose b*o + 6 + 6 = 0. Let g(q) = -3*q + 4. Let t(x) = 4*x - 3. Let j(m) = o*g(m) - 4*t(m). What is j(-1)?
7
Let p(o) be the third derivative of -o**6/120 - o**5/20 + o**4/12 - o**3/6 + 3957*o**2. Determine p(3).
-49
Let h(l) = -l**3 + 20*l**2 - 42*l + 31. Let v = -1997 + 2015. What is h(v)?
-77
Let d(s) = 771*s**2 + 111 + 715*s**2 + 28*s - 1485*s**2. Determine d(-23).
-4
Let p(m) = -2*m**2 + 107*m + 162. Let c be p(55). Let g(s) = 11*s + 2. Calculate g(c).
-31
Suppose -u = -67*z + 69*z + 13, 0 = -2*z. Let d(y) = y**2 + 17*y + 9. Calculate d(u).
-43
Let r(l) = -2*l**2 + 11*l + 31. Let w be r(7). Let f(x) = 14 + 0*x - 2*x**2 - x - w - 2. What is f(-2)?
-4
Let u = 118 - -201. Let p = 315 - u. Let h(m) = -m**2 - m + 2. What is h(p)?
-10
Suppose 1 = v + g, -11*v + 9*v = 3*g + 3. Let o be (-42)/(-10) + 4/(-20). Let b(n) = -2*n**2 + n**3 - 3 + o*n + 0 - n**2 - 3*n**2. Determine b(v).
21
Let u(k) = k**3 - 6*k**2 + 2*k - 5. Let l(p) = -14*p - 22. Let y be l(-2). Let b be u(y). Let f(o) = -1 - 1 - 2 + o + b. What is f(-3)?
0
Suppose -137*h + 138*h - 4 = 2*d, 3*h = 0. Suppose -3*r - 2*r = -15. Let b(t) = -6*t - 2*t**2 - 1 - 2 + r*t. Determine b(d).
-5
Let t(n) be the first derivative of -7*n**2/2 - 25*n - 3938. Calculate t(-4).
3
Let t(f) = -2*f + 73 + 66 - 149. Let r = 106 - 75. Suppose -g + z - 10 = 0, 5*g + 4*z - 8 = -r. Calculate t(g).
4
Let l(h) be the second derivative of -h**3/6 + 